{"id":493,"date":"2025-10-16T08:47:46","date_gmt":"2025-10-16T08:47:46","guid":{"rendered":"https:\/\/elenassur.com\/?page_id=493"},"modified":"2025-10-16T13:09:46","modified_gmt":"2025-10-16T13:09:46","slug":"elementor-493","status":"publish","type":"page","link":"https:\/\/elenassur.com\/index.php\/elementor-493\/","title":{"rendered":"politique de confidentialit\u00e9"},"content":{"rendered":"\t\t<div data-elementor-type=\"wp-page\" data-elementor-id=\"493\" class=\"elementor elementor-493\" data-elementor-post-type=\"page\">\n\t\t\t\t<div class=\"elementor-element elementor-element-aa520ef e-flex e-con-boxed e-con e-parent\" data-id=\"aa520ef\" data-element_type=\"container\" data-e-type=\"container\">\n\t\t\t\t\t<div class=\"e-con-inner\">\n\t\t<div class=\"elementor-element elementor-element-1e2b29d e-con-full e-flex e-con e-child\" data-id=\"1e2b29d\" data-element_type=\"container\" data-e-type=\"container\">\n\t\t\t\t<div class=\"elementor-element elementor-element-e66d93e elementor-widget elementor-widget-image\" data-id=\"e66d93e\" data-element_type=\"widget\" data-e-type=\"widget\" data-widget_type=\"image.default\">\n\t\t\t\t\t\t\t\t\t\t\t\t\t\t\t<img fetchpriority=\"high\" decoding=\"async\" width=\"800\" height=\"800\" src=\"https:\/\/elenassur.com\/wp-content\/uploads\/2025\/10\/carre-multicolore-1024x1024.png\" class=\"attachment-large size-large wp-image-233\" alt=\"\" srcset=\"https:\/\/elenassur.com\/wp-content\/uploads\/2025\/10\/carre-multicolore-1024x1024.png 1024w, https:\/\/elenassur.com\/wp-content\/uploads\/2025\/10\/carre-multicolore-300x300.png 300w, https:\/\/elenassur.com\/wp-content\/uploads\/2025\/10\/carre-multicolore-150x150.png 150w, https:\/\/elenassur.com\/wp-content\/uploads\/2025\/10\/carre-multicolore-768x768.png 768w, https:\/\/elenassur.com\/wp-content\/uploads\/2025\/10\/carre-multicolore.webp 1481w\" sizes=\"(max-width: 800px) 100vw, 800px\" \/>\t\t\t\t\t\t\t\t\t\t\t\t\t\t\t<\/div>\n\t\t\t\t<\/div>\n\t\t<div class=\"elementor-element elementor-element-afcae0b e-con-full e-flex e-con e-child\" data-id=\"afcae0b\" data-element_type=\"container\" data-e-type=\"container\">\n\t\t\t\t<div class=\"elementor-element elementor-element-ebd00ef elementor-invisible elementor-widget elementor-widget-heading\" data-id=\"ebd00ef\" data-element_type=\"widget\" data-e-type=\"widget\" data-settings=\"{&quot;_animation&quot;:&quot;fadeIn&quot;}\" data-widget_type=\"heading.default\">\n\t\t\t\t\t<h2 class=\"elementor-heading-title elementor-size-default\">politique de confidentialit\u00e9<\/h2>\t\t\t\t<\/div>\n\t\t\t\t<div class=\"elementor-element elementor-element-796dfb6 elementor-widget elementor-widget-text-editor\" data-id=\"796dfb6\" data-element_type=\"widget\" data-e-type=\"widget\" data-widget_type=\"text-editor.default\">\n\t\t\t\t\t\t\t\t\t<p data-start=\"1594\" data-end=\"1803\">Le responsable du traitement des donn\u00e9es personnelles est :<br \/><br data-start=\"1653\" data-end=\"1656\" \/><strong data-start=\"1656\" data-end=\"1692\">Les Nouvelles Assurances (elena)<br \/><\/strong>9 Rue des Cardes, 30250 Sommi\u00e8res, France.<br data-start=\"1737\" data-end=\"1740\" \/><a class=\"decorated-link cursor-pointer\" rel=\"noopener\" data-start=\"1750\" data-end=\"1803\">contact@elenassur.com<\/a><\/p><p data-start=\"1831\" data-end=\"1894\">Les donn\u00e9es susceptibles d\u2019\u00eatre collect\u00e9es via le site sont :<\/p><ul data-start=\"1895\" data-end=\"2080\"><li data-start=\"1895\" data-end=\"1951\"><p data-start=\"1897\" data-end=\"1951\">noms, pr\u00e9noms, coordonn\u00e9es (email, t\u00e9l\u00e9phone, adresse) ;<\/p><\/li><li data-start=\"1952\" data-end=\"2019\"><p data-start=\"1954\" data-end=\"2019\">informations n\u00e9cessaires \u00e0 l\u2019\u00e9tablissement de devis d\u2019assurance ;<\/p><\/li><li data-start=\"2020\" data-end=\"2080\"><p data-start=\"2022\" data-end=\"2080\">donn\u00e9es techniques (cookies, adresse IP, navigateur) ;<\/p><\/li><\/ul><p data-start=\"2113\" data-end=\"2149\">Les donn\u00e9es sont collect\u00e9es pour :<\/p><ul data-start=\"2150\" data-end=\"2345\"><li data-start=\"2150\" data-end=\"2198\"><p data-start=\"2152\" data-end=\"2198\">r\u00e9pondre aux demandes de contact et de devis ;<\/p><\/li><li data-start=\"2199\" data-end=\"2243\"><p data-start=\"2201\" data-end=\"2243\">g\u00e9rer la relation client et les contrats ;<\/p><\/li><li data-start=\"2244\" data-end=\"2291\"><p data-start=\"2246\" data-end=\"2291\">am\u00e9liorer les services propos\u00e9s sur le site ;<\/p><\/li><li data-start=\"2292\" data-end=\"2345\"><p data-start=\"2294\" data-end=\"2345\">respecter les obligations l\u00e9gales et r\u00e9glementaires.<\/p><\/li><\/ul><p data-start=\"2380\" data-end=\"2408\">Le traitement repose sur :<\/p><ul data-start=\"2409\" data-end=\"2578\"><li data-start=\"2409\" data-end=\"2472\"><p data-start=\"2411\" data-end=\"2472\">Le <strong data-start=\"2414\" data-end=\"2430\">consentement<\/strong> de l\u2019utilisateur (formulaires, cookies) ;<\/p><\/li><li data-start=\"2473\" data-end=\"2537\"><p data-start=\"2475\" data-end=\"2537\">L\u2019<strong data-start=\"2477\" data-end=\"2503\">ex\u00e9cution d\u2019un contrat<\/strong> ou de mesures pr\u00e9contractuelles ;<\/p><\/li><li data-start=\"2538\" data-end=\"2578\"><p data-start=\"2540\" data-end=\"2578\">Le <strong data-start=\"2543\" data-end=\"2578\">respect d\u2019une obligation l\u00e9gale.<\/strong><\/p><\/li><\/ul><p data-start=\"2609\" data-end=\"2640\">Les donn\u00e9es sont conserv\u00e9es :<\/p><ul data-start=\"2641\" data-end=\"2815\"><li data-start=\"2641\" data-end=\"2706\"><p data-start=\"2643\" data-end=\"2706\">jusqu\u2019\u00e0 <strong data-start=\"2651\" data-end=\"2660\">3 ans<\/strong> apr\u00e8s le dernier contact pour les prospects ;<\/p><\/li><li data-start=\"2707\" data-end=\"2780\"><p data-start=\"2709\" data-end=\"2780\">pendant la dur\u00e9e du contrat + <strong data-start=\"2739\" data-end=\"2748\">5 ans<\/strong> apr\u00e8s sa fin pour les clients ;<\/p><\/li><li data-start=\"2781\" data-end=\"2815\"><p data-start=\"2783\" data-end=\"2815\">13 mois maximum pour les cookies ;<\/p><\/li><\/ul><p data-start=\"2848\" data-end=\"2944\">Conform\u00e9ment au RGPD et \u00e0 la loi Informatique et Libert\u00e9s, vous disposez des droits suivants :<\/p><ul data-start=\"2945\" data-end=\"3173\"><li data-start=\"2945\" data-end=\"2994\"><p data-start=\"2947\" data-end=\"2994\">droit d\u2019acc\u00e8s, de rectification, d\u2019effacement ;<\/p><\/li><li data-start=\"2995\" data-end=\"3034\"><p data-start=\"2997\" data-end=\"3034\">droit \u00e0 la limitation du traitement ;<\/p><\/li><li data-start=\"3035\" data-end=\"3075\"><p data-start=\"3037\" data-end=\"3075\">droit d\u2019opposition et de portabilit\u00e9 ;<\/p><\/li><li data-start=\"3076\" data-end=\"3173\"><p data-start=\"3078\" data-end=\"3173\">droit d\u2019introduire une r\u00e9clamation aupr\u00e8s de la <strong data-start=\"3126\" data-end=\"3134\">CNIL<\/strong> (<a class=\"decorated-link cursor-pointer\" target=\"_new\" rel=\"noopener\" data-start=\"3136\" data-end=\"3170\">www.cnil.fr<\/a>).<\/p><\/li><\/ul><p data-start=\"3175\" data-end=\"3265\">Pour exercer vos droits, contactez : <a class=\"decorated-link cursor-pointer\" rel=\"noopener\" data-start=\"3212\" data-end=\"3265\">contact@elenassur.com<\/a><\/p><p data-start=\"3288\" data-end=\"3435\">Les donn\u00e9es peuvent \u00eatre transmises aux prestataires techniques et partenaires d\u2019assurance, uniquement pour les besoins li\u00e9s aux services propos\u00e9s.<\/p><p data-start=\"3463\" data-end=\"3532\">Aucun transfert de donn\u00e9es hors de l\u2019Union europ\u00e9enne n\u2019est effectu\u00e9.<\/p>\t\t\t\t\t\t\t\t<\/div>\n\t\t\t\t<\/div>\n\t\t\t\t\t<\/div>\n\t\t\t\t<\/div>\n\t\t\t\t<\/div>\n\t\t","protected":false},"excerpt":{"rendered":"<p>politique de confidentialit\u00e9 Le responsable du traitement des donn\u00e9es personnelles est :Les Nouvelles Assurances (elena)9 Rue des Cardes, 30250 Sommi\u00e8res, France.contact@elenassur.com Les donn\u00e9es susceptibles d\u2019\u00eatre collect\u00e9es via le site sont : noms, pr\u00e9noms, coordonn\u00e9es (email, t\u00e9l\u00e9phone, adresse) ; informations n\u00e9cessaires \u00e0 l\u2019\u00e9tablissement de devis d\u2019assurance ; donn\u00e9es techniques (cookies, adresse IP, navigateur) ; Les donn\u00e9es [&hellip;]<\/p>\n","protected":false},"author":1,"featured_media":0,"parent":0,"menu_order":0,"comment_status":"closed","ping_status":"closed","template":"","meta":{"footnotes":""},"class_list":["post-493","page","type-page","status-publish","hentry"],"_links":{"self":[{"href":"https:\/\/elenassur.com\/index.php\/wp-json\/wp\/v2\/pages\/493","targetHints":{"allow":["GET"]}}],"collection":[{"href":"https:\/\/elenassur.com\/index.php\/wp-json\/wp\/v2\/pages"}],"about":[{"href":"https:\/\/elenassur.com\/index.php\/wp-json\/wp\/v2\/types\/page"}],"author":[{"embeddable":true,"href":"https:\/\/elenassur.com\/index.php\/wp-json\/wp\/v2\/users\/1"}],"replies":[{"embeddable":true,"href":"https:\/\/elenassur.com\/index.php\/wp-json\/wp\/v2\/comments?post=493"}],"version-history":[{"count":8,"href":"https:\/\/elenassur.com\/index.php\/wp-json\/wp\/v2\/pages\/493\/revisions"}],"predecessor-version":[{"id":693,"href":"https:\/\/elenassur.com\/index.php\/wp-json\/wp\/v2\/pages\/493\/revisions\/693"}],"wp:attachment":[{"href":"https:\/\/elenassur.com\/index.php\/wp-json\/wp\/v2\/media?parent=493"}],"curies":[{"name":"wp","href":"https:\/\/api.w.org\/{rel}","templated":true}]}}